8. Let x be f(-4). What is the units digit of v(x)?
8
What is the tens digit of -3 + 104 + (2 - -1)/(-1)?
9
Let f(c) = c**3 + c**2 - 2*c + 1. Let u = 1 + 1. Suppose -4 = -u*q - 0*q. What is the units digit of f(q)?
9
Suppose 2*k = 4*k - 28. Let i = -6 + k. What is the units digit of i?
8
Suppose -6*i = -1556 - 250. What is the tens digit of i?
0
Let w(x) = 2*x + 4. Let n(j) = 3*j + 5. Let y(d) = 3*n(d) - 4*w(d). Let s be y(0). Let h = 1 - s. What is the units digit of h?
2
Suppose s - 19 = 4*l, -2*l + 1 = 5*s - 2*s. Let b be (6/(-9))/((-3)/36). Suppose s*j = 2*k + 38, 0 = -5*j + 3*k - b*k + 30. What is the units digit of j?
0
What is the tens digit of 53 + (-1 - 0) - -1?
5
Let s(p) = 8*p**2 + 6*p + 4. What is the hundreds digit of s(-4)?
1
Let q(k) = k**3 - 3*k**2 + 1. Let i be q(2). Let a = i - -20. Let o = a - 10. What is the units digit of o?
7
Let u(j) = 266*j + 11. What is the hundreds digit of u(1)?
2
Let i(o) be the first derivative of -o**2/2 + 24*o + 1. Let l(j) = -j**2 - 7*j + 5. Let b be l(-6). What is the tens digit of i(b)?
1
Let y(a) = a**3 + 19*a**2 - 12*a - 17. What is the units digit of y(-19)?
1
Let p(c) = 19*c**2 + c**3 + 4*c - 5*c**2 - 6*c**2. What is the tens digit of p(-5)?
5
Let g(z) = z**2 - 8*z + 7. What is the units digit of g(10)?
7
Let s(d) = 4*d**2 + 13*d + 16. What is the tens digit of s(-9)?
2
What is the hundreds digit of 733/7 - (-4 - (-156)/42)?
1
Let i(b) = -6*b**3 - 54*b + 10 + 43*b + 9*b**2 + 5*b**3. What is the units digit of i(7)?
1
Let a be 0 - (0 - -2)/2. What is the units digit of (-5)/a + 0/(-4)?
5
Let n be 2/(-4) + (-17)/(-2). Let u(a) = a**2 + 8*a + 3. Let f(d) = -d**2 - d + 1. Let o(v) = -2*f(v) - u(v). What is the units digit of o(n)?
1
Let l be (2 + 0)*(-3)/6. Let t(v) be the third derivative of -7*v**6/60 + 18*v**2. What is the tens digit of t(l)?
1
Let d(g) = g + 4. Let w(q) = -3*q - 3 - q**2 - 2 + 2. Let r be w(-3). What is the units digit of d(r)?
1
Suppose -2*w = w - 5*f - 22, -w + 13 = 4*f. Let o be ((-4)/6)/((-6)/w). What is the units digit of 1 - (o + -2) - -4?
6
Let f(w) = 0*w**2 + 2*w + w**3 + 0*w**2 - 3*w**2. Suppose -2*n + 12 = 2*n. What is the units digit of f(n)?
6
Let i be (-6)/21 + (-74)/(-14). Suppose 0 = -2*j + 29 + i. What is the tens digit of j?
1
Let r(d) be the first derivative of d**4/4 - 2*d**3 + 2*d**2 - 9*d + 1. Let b be r(6). What is the tens digit of (b/(-2))/(3/(-4))?
1
Suppose o - z - 42 = -0*o, o + z = 52. What is the tens digit of o?
4
Suppose -5*r = -192 - 258. What is the tens digit of r?
9
Let j(q) = -3*q + 3*q - 14 + q**2. What is the units digit of j(-6)?
2
Let v be ((-21)/6)/(1/4). What is the tens digit of 6/v - 314/(-14)?
2
Let j(t) be the third derivative of t**6/120 - t**5/10 - 7*t**4/24 + 5*t**3/6 + 3*t**2. What is the units digit of j(7)?
5
Let k(d) = -2*d**2 + 3*d - 1. Let a be k(2). Let t = a + -4. Let r = -4 - t. What is the units digit of r?
3
Suppose 9*w - 1254 = 654. What is the tens digit of w?
1
Suppose 5*d - 12 = 2*d. Suppose -d*y + y + 27 = 0. What is the units digit of y?
9
What is the units digit of (-140)/(-7) - (3 + -2)?
9
Let q = 52 - -24. What is the tens digit of q?
7
Let r be 9*-3*(-6)/27. Let c(x) = 6*x**2 - 12*x - 4. Let q(n) = n**2 - n - 1. Let i(h) = -c(h) + 5*q(h). What is the units digit of i(r)?
5
Let k(d) = -d**3 + 4*d**2 + 7*d - 5. Let s be k(5). Suppose -f - 4*f = s. What is the units digit of 1*(-1)/(f/5)?
5
Let k = 46 + -86. Let q = -14 - k. What is the units digit of q?
6
Let d(t) = t + 13. Let l be d(-4). Let q(x) = -x**2 + 8*x - 9. Let w be q(6). Suppose 0 = -w*g + y + 12 + 22, -l = -g - 2*y. What is the units digit of g?
1
Let l be (-2)/(-3) + 8/6. Suppose 4*a - l*a = 66. What is the units digit of a?
3
Let g be 24/(-40) + 6/10. Suppose g = -x + 4*x + j - 39, -x = 3*j - 13. What is the tens digit of x?
1
Let i(v) = -v**3 + 3*v**2 + 14*v - 2. What is the hundreds digit of i(-5)?
1
Suppose 3*t + 230 = 3*b + 4*t, -5*t = -5*b + 350. Suppose -2 = -3*x + 7. Suppose 5*s = x*a - 43, 0 = 5*a - s - 4*s - b. What is the tens digit of a?
1
Let b = -207 + 329. Let z = b - 72. What is the tens digit of z?
5
Let s(t) = -t**2 + 2*t + 2. Let p be s(4). Let k(a) = a**3 + 5*a**2 - 5*a + 3. Let v be k(p). What is the units digit of (15/10)/(v/(-8))?
4
Let z(q) = -q**3 - 8*q**2 - 9*q - 7. Let w(c) = 8*c**2 - 2*c. Let x be w(2). Suppose 5*s = s - x. What is the units digit of z(s)?
7
Suppose 5*q - 21 = -2*p, -4*p - 12 = -5*q - 3*p. Suppose q*z - 19 = 32. What is the tens digit of z?
1
Suppose -4*c = -3*c - 4. Suppose -6*i + 152 = c*q - 2*i, -5*q + 199 = -4*i. What is the units digit of q?
9
Suppose -k = -3*k + 2. What is the units digit of k?
1
Let k = -10 + 12. Suppose 0 = 4*d - k*w - 98, -4*d + 2*d + 61 = -5*w. What is the tens digit of d?
2
What is the tens digit of (-108)/24*(-8 + 0)?
3
What is the units digit of 0 + (1 + -2)*-8?
8
Let f(g) = 3*g**2 - g - 1. Let n be f(6). Suppose -4*q = -c - n, 4*q = 6*q + 3*c - 47. What is the units digit of q?
5
Let w(h) = 20*h - 15. What is the hundreds digit of w(6)?
1
Let m be ((-64)/(-12))/((-4)/(-6)). Suppose -m = -5*c + 17. What is the units digit of c?
5
Let w(g) = 44*g**2 + g - 4. What is the units digit of w(-3)?
9
Let a = -15 - -23. Let g = 1 + a. What is the units digit of g?
9
Suppose -2*m + 4*d - 6 = 0, 2*d + 2*d = -2*m + 18. Suppose r + 4*z - 30 = -r, -4*r + 32 = z. Suppose m*v - 4*v = -r. What is the units digit of v?
7
Let w(z) = 51*z - 31. What is the hundreds digit of w(5)?
2
Let o be 4/(-22) + (-18)/22. Let u(r) = -4*r. Let g be u(o). Let k(b) = b + 3. What is the units digit of k(g)?
7
What is the units digit of -2*6/(-4) - -44?
7
Suppose 3*s - 81 = -0*s. Let g = 1 - -2. Suppose m + 6*n = 3*n + s, 0 = g*m - 3*n - 45. What is the tens digit of m?
1
Let d be 1/(1 + -1 + 1). Let h be (0 - 2 - -2)/d. Suppose h = 3*l - 4 - 2. What is the units digit of l?
2
Let k(z) = -3*z**3 + 1. Let s be k(-1). What is the units digit of 1*(-4)/(s/(-9))?
9
Let x = -13 + 26. Let k = -9 + x. What is the units digit of k?
4
Let y be 2/(-2) - 11/(-1). Let i = y - 10. Let f(d) = -d + 5. What is the units digit of f(i)?
5
Suppose 4*c = 10 - 2, -4*y = 5*c - 22. What is the tens digit of 134/y + (-5)/(-15)?
4
Suppose -3*l + 2*h - 5 = 0, -l + 4*h - 3 = 12. Let w be l*-1 + (21 - 0). Suppose -4*d = -6*d + 4*k + w, -2*k + 2 = 2*d. What is the units digit of d?
4
Let x(g) = -2*g - g - g**3 - 3*g + 1 + g - 5*g**2. What is the units digit of x(-4)?
5
Suppose -5*f - 1 = -11. What is the units digit of (4 - -2 - -1) + f?
9
Let o(u) = -2*u + 87. What is the tens digit of o(14)?
5
Let v = 55 + -31. What is the units digit of v?
4
Let s(d) be the third derivative of -d**4/24 - d**2. Let t be (-6)/(-4)*10/(-15). What is the units digit of s(t)?
1
Suppose 0 = 2*j, j - 6 - 2 = -2*i. Suppose -i*f - 23 = z + 16, -4*z + 33 = -5*f. What is the units digit of 1*f/3*-5?
5
Let b = -5 - -7. Suppose 0 = b*j - 2*w - 22, 2*j - 22 = -3*w - w. Suppose 4*g + j - 39 = 0. What is the units digit of g?
7
Let i be (0 + (-4)/10)*-10. Suppose -a + 13 = -u, 97 = i*a + 5*u - 0*u. What is the units digit of a?
8
Let x(q) = q**3 - q + 13. What is the tens digit of x(0)?
1
Let d(g) = 5*g - 2. Let r(k) be the third derivative of -k**6/120 - 2*k**5/15 + k**4/24 + 11*k**3/6 - 2*k**2. Let w be r(-8). What is the units digit of d(w)?
3
What is the units digit of 20/8*(-68)/(-5)?
4
Let q be (7 + -15)*(-2)/(-4). What is the units digit of 212/16 - (-1)/q?
3
Suppose 0 = -3*x + 112 - 34. Suppose x = -0*r + 2*r. What is the units digit of r?
3
Suppose 3*b + 44 = 4*u - 0, -3*b = 5*u + 26. What is the units digit of 6/9 + (-172)/b?
5
Suppose -2*o - 2 = -0. Let q be (o/(-2))/((-2)/4). Let z = q - -2. What is the units digit of z?
1
What is the tens digit of 12/24 - 241/(-2)*1?
2
Suppose 6 = -v - 5*p + 1, 0 = -3*v - p - 1. Suppose -5*u + 67 - 27 = 0. Let o = u - v. What is the units digit of o?
8
Let g be 5/(-3) + (-4)/(-6). Let a be 5*1*8 - g. Suppose 5*y - 34 = -3*s, -5*s + a = 3*y - 5. What is the units digit of s?
8
Suppose -3*z = -2*z - 15. Let x = 21 - z. What is the units digit of x?
6
Suppose -74 = -y - y. What is the tens digit of y?
3
Let a(k) = 145*k**2 - 2*k + 3. What is the hundreds digit of a(1)?
1
What is the units digit of -8*(375/(-12))/5?
